{"id":83,"date":"2018-08-22T11:25:34","date_gmt":"2018-08-22T09:25:34","guid":{"rendered":"http:\/\/www.new-living-home.de\/residenz\/\/?page_id=83"},"modified":"2023-10-03T09:53:50","modified_gmt":"2023-10-03T07:53:50","slug":"der-standort","status":"publish","type":"page","link":"https:\/\/www.new-living-home.de\/residenz\/der-standort\/","title":{"rendered":"Der Standort"},"content":{"rendered":"\n\t<section class=\"section dark\" id=\"section_1087814190\">\n\t\t<div class=\"bg section-bg fill bg-fill  bg-loaded\" >\n\n\t\t\t\n\t\t\t<div class=\"loading-spin centered\"><\/div><button class=\"scroll-for-more z-5 icon absolute bottom h-center\" aria-label=\"Scroll for more\"><i class=\"icon-angle-down\" style=\"font-size:42px;\"><\/i><\/button>\n\t\t\t\n\n\t\t<\/div>\n\n\t\t\n\n\t\t<div class=\"section-content relative\">\n\t\t\t\n\n\n  <div class=\"banner has-hover\" id=\"banner-294417853\">\n          <div class=\"banner-inner fill\">\n        <div class=\"banner-bg fill\" >\n            <div class=\"bg fill bg-fill \"><\/div>\n                                    \n                    <\/div>\n\t\t\n        <div class=\"banner-layers container\">\n            <div class=\"fill banner-link\"><\/div>            \n\n\n        <\/div>\n      <\/div>\n\n            \n<style>\n#banner-294417853 {\n  padding-top: 61%;\n}\n#banner-294417853 .bg.bg-loaded {\n  background-image: url(https:\/\/www.new-living-home.de\/residenz\/wp-content\/uploads\/2018\/09\/JD500127.jpg);\n}\n#banner-294417853 .bg {\n  background-position: 44% 12%;\n}\n#banner-294417853 .ux-shape-divider--top svg {\n  height: 150px;\n  --divider-top-width: 100%;\n}\n#banner-294417853 .ux-shape-divider--bottom svg {\n  height: 150px;\n  --divider-width: 100%;\n}\n@media (min-width:550px) {\n  #banner-294417853 {\n    padding-top: 37%;\n  }\n}\n<\/style>\n  <\/div>\n\n\n\n\t\t<\/div>\n\n\t\t\n<style>\n#section_1087814190 {\n  padding-top: 0px;\n  padding-bottom: 0px;\n}\n#section_1087814190 .ux-shape-divider--top svg {\n  height: 150px;\n  --divider-top-width: 100%;\n}\n#section_1087814190 .ux-shape-divider--bottom svg {\n  height: 150px;\n  --divider-width: 100%;\n}\n<\/style>\n\t<\/section>\n\t\n\t<section class=\"section\" id=\"section_485317551\">\n\t\t<div class=\"bg section-bg fill bg-fill  bg-loaded\" >\n\n\t\t\t\n\t\t\t\n\t\t\t\n\n\t\t<\/div>\n\n\t\t\n\n\t\t<div class=\"section-content relative\">\n\t\t\t\n\n<div class=\"row row-large align-center\"  id=\"row-738737494\">\n\n\n\t<div id=\"col-608175589\" class=\"col medium-10 small-12 large-10\"  >\n\t\t\t\t<div class=\"col-inner text-left\"  >\n\t\t\t\n\t\t\t\n\n<h1>Der Standort<\/h1>\n<div class=\"is-divider divider clearfix\" ><\/div>\n\n\n\t\t<\/div>\n\t\t\t\t\t<\/div>\n\n\t\n\n\t<div id=\"col-1547106085\" class=\"col medium-10 small-12 large-10\"  >\n\t\t\t\t<div class=\"col-inner text-left\"  >\n\t\t\t\n\t\t\t\n\n<h4><i>Zentral und dennoch im Gr\u00fcnen&#8230;<\/i><\/h4>\n<p>Im Nord-Westen von Hamburg, zwischen den Fernsehstudios des NDR und Hagenbecks Tierpark, liegt das <strong>New<span data-text-color=\"primary\">Living<\/span>Home<\/strong>\u00a0inmitten einer gro\u00dfz\u00fcgigen, park\u00e4hnlichen Anlage, deren Mittelpunkt eine k\u00fcnstlich geschaffene Teichlandschaft bildet.<span class=\"Apple-converted-space\">\u00a0<\/span><\/p>\n<p>Aus der Luft betrachtet gleicht das Geb\u00e4ude einer vierzackigen Krone, die sich auch im Emblem des Hauses widerspiegelt. In den \u201eZacken\u201c dieser Krone sind die unterschiedlich gro\u00dfen Appartements angeordnet, im \u00f6stlichen Teil der Krone befindet sich das <b>HausVitalis<\/b>.<\/p>\n<h4><span data-text-color=\"primary\">Im Mittelkomplex mit seinem kreisrunden Glasdach gruppieren sich um das Foyer viele Gemeinschaftseinrichtungen, wie die <b>Rezeption<\/b>, das <strong>Theater \u201eATRIUM\u201c<\/strong>, das <strong>Restaurant Mendelssohn\u2019s<\/strong>, das <b>Wintergarten-Caf\u00e9<\/b>, die <b>Bar<\/b>, das <b>Kamin- und Musikzimmer<\/b> sowie die <b>Bibliothek<\/b>.\u00a0Von hier aus gelangen Sie auch zum <b>Schwimmbad<\/b>, zur <b>Sauna<\/b> und zum <b>Solarium<\/b> und haben direkten Zugang zur <b>Tiefgarage<\/b>.<\/span><\/h4>\n<p>Zu Ihrer pers\u00f6nlichen Sicherheit wird das Geb\u00e4ude elektronisch und nachts zus\u00e4tzlich durch einen Sicherheitsservice \u00fcberwacht.<\/p>\n\n\t\t<\/div>\n\t\t\t\t\t<\/div>\n\n\t\n\n<\/div>\n<div class=\"row row-collapse\"  id=\"row-1766231830\">\n\n\n\t<div id=\"col-1161860142\" class=\"col small-12 large-12\"  >\n\t\t\t\t<div class=\"col-inner\"  >\n\t\t\t\n\t\t\t\n\n\t<div id=\"gap-391456954\" class=\"gap-element clearfix\" style=\"display:block; height:auto;\">\n\t\t\n<style>\n#gap-391456954 {\n  padding-top: 50px;\n}\n<\/style>\n\t<\/div>\n\t\n\n\n  <div class=\"banner has-hover has-parallax\" id=\"banner-1274709807\">\n          <div class=\"banner-inner fill\">\n        <div class=\"banner-bg fill\" data-parallax=\"-3\" data-parallax-container=\".banner\" data-parallax-background>\n            <div class=\"bg fill bg-fill \"><\/div>\n                                    \n                    <\/div>\n\t\t\n        <div class=\"banner-layers container\">\n            <div class=\"fill banner-link\"><\/div>            \n\n\n        <\/div>\n      <\/div>\n\n            \n<style>\n#banner-1274709807 {\n  padding-top: 600px;\n}\n#banner-1274709807 .bg.bg-loaded {\n  background-image: url(https:\/\/www.new-living-home.de\/residenz\/wp-content\/uploads\/2018\/09\/Gebaeude.jpg);\n}\n#banner-1274709807 .bg {\n  background-position: 48% 43%;\n}\n#banner-1274709807 .ux-shape-divider--top svg {\n  height: 150px;\n  --divider-top-width: 100%;\n}\n#banner-1274709807 .ux-shape-divider--bottom svg {\n  height: 150px;\n  --divider-width: 100%;\n}\n<\/style>\n  <\/div>\n\n\n\t<div id=\"gap-2027043085\" class=\"gap-element clearfix\" style=\"display:block; height:auto;\">\n\t\t\n<style>\n#gap-2027043085 {\n  padding-top: 50px;\n}\n<\/style>\n\t<\/div>\n\t\n\n\n\t\t<\/div>\n\t\t\t\t\t<\/div>\n\n\t\n\n<\/div>\n<div class=\"row row-large align-center\"  id=\"row-1335518219\">\n\n\n\t<div id=\"col-84095476\" class=\"col medium-5 small-12 large-5\"  >\n\t\t\t\t<div class=\"col-inner text-left\"  >\n\t\t\t\n\t\t\t\n\n<h4>Das New<span data-text-color=\"primary\">Living<\/span>Home bietet eine optimale Verkehrsanbindung.<\/h4>\n<p>Direkt neben dem <strong>New<span data-text-color=\"primary\">Living<\/span>Home<\/strong> befindet sich die Haltestelle <b>\u201eHagenbecks Tierpark\u201c<\/b> der U-Bahn-Linie U2. Von hier aus ben\u00f6tigen Sie nur 12 Minuten, um in die Hamburger Innenstadt zu gelangen.<\/p>\n<p>Auch die Buslinien <strong>22\u00a0<\/strong>(Kellinghusenstra\u00dfe\/Blankenese), <strong>39<\/strong> (\u00fcber Flughafen nach Wandsbek Markt\/Teufelsbr\u00fcck), <strong>181<\/strong> (Sternschanze\/Eidelstedter Platz), <strong>281<\/strong> (Lattenkamp\/S-Bahn Krupunder) und <b>391<\/b> (Niendorf Markt) haben ihre Haltestelle direkt vor dem Haus.<\/p>\n<p>Die n\u00e4chste Station des Fahrradverleihsystems <b>\u201eStadtRad\u201c<\/b> befindet sich unweit des Hauses an der U-Bahnstation.<span class=\"Apple-converted-space\">\u00a0<\/span><\/p>\n\n\t\t<\/div>\n\t\t\t\t\t<\/div>\n\n\t\n\n\t<div id=\"col-1665944056\" class=\"col medium-5 small-12 large-5\"  >\n\t\t\t\t<div class=\"col-inner\"  >\n\t\t\t\n\t\t\t\n\n\t<div class=\"img has-hover x md-x lg-x y md-y lg-y\" id=\"image_1463671810\">\n\t\t<a class=\"image-lightbox lightbox-gallery\" title=\"\" href=\"https:\/\/www.new-living-home.de\/residenz\/wp-content\/uploads\/2018\/11\/PlanEinfach-1024x1022.jpg\">\t\t\t\t\t\t<div class=\"img-inner dark\" >\n\t\t\t<img loading=\"lazy\" decoding=\"async\" width=\"2196\" height=\"2192\" src=\"https:\/\/www.new-living-home.de\/residenz\/wp-content\/uploads\/2018\/11\/PlanEinfach.jpg\" class=\"attachment-original size-original\" alt=\"\" srcset=\"https:\/\/www.new-living-home.de\/residenz\/wp-content\/uploads\/2018\/11\/PlanEinfach.jpg 2196w, https:\/\/www.new-living-home.de\/residenz\/wp-content\/uploads\/2018\/11\/PlanEinfach-150x150.jpg 150w, https:\/\/www.new-living-home.de\/residenz\/wp-content\/uploads\/2018\/11\/PlanEinfach-300x300.jpg 300w, https:\/\/www.new-living-home.de\/residenz\/wp-content\/uploads\/2018\/11\/PlanEinfach-768x767.jpg 768w, https:\/\/www.new-living-home.de\/residenz\/wp-content\/uploads\/2018\/11\/PlanEinfach-1024x1022.jpg 1024w\" sizes=\"auto, (max-width: 2196px) 100vw, 2196px\" \/>\t\t\t\t\t\t\n\t\t\t\t\t<\/div>\n\t\t\t\t\t\t<\/a>\t\t\n<style>\n#image_1463671810 {\n  width: 100%;\n}\n<\/style>\n\t<\/div>\n\t\n\n\n\t\t<\/div>\n\t\t\t\t\t<\/div>\n\n\t\n\n\t<div id=\"col-2084973713\" class=\"col medium-10 small-12 large-10\"  >\n\t\t\t\t<div class=\"col-inner text-left\"  >\n\t\t\t\n\t\t\t\n\n<h5>Vielf\u00e4ltige Einkaufsm\u00f6glichkeiten in den benachbarten Stadtteilen Eppendorf, Eimsb\u00fcttel und Niendorf sind somit bequem zu erreichen.<\/h5>\n<p>Die Ruhe abseits des Gro\u00dfstadttrubels genie\u00dfen und beim Spazierengehen einmal abschalten, kann man im Naherholungsgebiet Stellinger Schweiz und dem Niendorfer Gehege, in welchem 15 km befestigte Wege darauf warten, entdeckt zu werden. Dort k\u00f6nnen sich auch die vierbeinigen Freunde auf der gro\u00dfen Hundewiese austoben.<\/p>\n<h4><span data-text-color=\"primary\">Nutzen Sie zur Anfahrt ein Navigationsger\u00e4t, verwenden Sie bitte folgende Adresse:<\/span><\/h4>\n<h4>Hugh-Greene-Weg 2, 22529 Hamburg<br \/>(PKW-Zufahrt zum NDR)<\/h4>\n<p><strong>Parkm\u00f6glichkeiten finden Sie in unserer hauseigenen Tiefgarage.<\/strong><\/p>\n\n\t\t<\/div>\n\t\t\t\t\t<\/div>\n\n\t\n\n<\/div>\n\t<div id=\"gap-1955715360\" class=\"gap-element clearfix\" style=\"display:block; height:auto;\">\n\t\t\n<style>\n#gap-1955715360 {\n  padding-top: 26px;\n}\n<\/style>\n\t<\/div>\n\t\n\n\n\t\t<\/div>\n\n\t\t\n<style>\n#section_485317551 {\n  padding-top: 0px;\n  padding-bottom: 0px;\n}\n#section_485317551 .ux-shape-divider--top svg {\n  height: 150px;\n  --divider-top-width: 100%;\n}\n#section_485317551 .ux-shape-divider--bottom svg {\n  height: 150px;\n  --divider-width: 100%;\n}\n@media (min-width:550px) {\n  #section_485317551 {\n    padding-top: 40px;\n    padding-bottom: 40px;\n  }\n}\n<\/style>\n\t<\/section>\n\t\n\n","protected":false},"excerpt":{"rendered":"","protected":false},"author":1,"featured_media":0,"parent":0,"menu_order":0,"comment_status":"closed","ping_status":"closed","template":"page-blank.php","meta":{"footnotes":""},"class_list":["post-83","page","type-page","status-publish","hentry"],"_links":{"self":[{"href":"https:\/\/www.new-living-home.de\/residenz\/wp-json\/wp\/v2\/pages\/83","targetHints":{"allow":["GET"]}}],"collection":[{"href":"https:\/\/www.new-living-home.de\/residenz\/wp-json\/wp\/v2\/pages"}],"about":[{"href":"https:\/\/www.new-living-home.de\/residenz\/wp-json\/wp\/v2\/types\/page"}],"author":[{"embeddable":true,"href":"https:\/\/www.new-living-home.de\/residenz\/wp-json\/wp\/v2\/users\/1"}],"replies":[{"embeddable":true,"href":"https:\/\/www.new-living-home.de\/residenz\/wp-json\/wp\/v2\/comments?post=83"}],"version-history":[{"count":7,"href":"https:\/\/www.new-living-home.de\/residenz\/wp-json\/wp\/v2\/pages\/83\/revisions"}],"predecessor-version":[{"id":1917,"href":"https:\/\/www.new-living-home.de\/residenz\/wp-json\/wp\/v2\/pages\/83\/revisions\/1917"}],"wp:attachment":[{"href":"https:\/\/www.new-living-home.de\/residenz\/wp-json\/wp\/v2\/media?parent=83"}],"curies":[{"name":"wp","href":"https:\/\/api.w.org\/{rel}","templated":true}]}}