{"id":48,"date":"2018-08-22T10:10:00","date_gmt":"2018-08-22T08:10:00","guid":{"rendered":"http:\/\/www.new-living-home.de\/residenz\/\/?page_id=48"},"modified":"2023-10-03T09:52:11","modified_gmt":"2023-10-03T07:52:11","slug":"das-wohnen","status":"publish","type":"page","link":"https:\/\/www.new-living-home.de\/residenz\/das-wohnen\/","title":{"rendered":"Das Wohnen"},"content":{"rendered":"\n\t<section class=\"section dark\" id=\"section_1672037002\">\n\t\t<div class=\"bg section-bg fill bg-fill  bg-loaded\" >\n\n\t\t\t\n\t\t\t<div class=\"loading-spin centered\"><\/div><button class=\"scroll-for-more z-5 icon absolute bottom h-center\" aria-label=\"Scroll for more\"><i class=\"icon-angle-down\" style=\"font-size:42px;\"><\/i><\/button>\n\t\t\t\n\n\t\t<\/div>\n\n\t\t\n\n\t\t<div class=\"section-content relative\">\n\t\t\t\n\n\n  <div class=\"banner has-hover\" id=\"banner-577501537\">\n          <div class=\"banner-inner fill\">\n        <div class=\"banner-bg fill\" >\n            <div class=\"bg fill bg-fill \"><\/div>\n                                    \n                    <\/div>\n\t\t\n        <div class=\"banner-layers container\">\n            <div class=\"fill banner-link\"><\/div>            \n\n\n        <\/div>\n      <\/div>\n\n            \n<style>\n#banner-577501537 {\n  padding-top: 60%;\n}\n#banner-577501537 .bg.bg-loaded {\n  background-image: url(https:\/\/www.new-living-home.de\/residenz\/wp-content\/uploads\/2018\/09\/Haupteingang.jpg);\n}\n#banner-577501537 .bg {\n  background-position: 51% 54%;\n}\n#banner-577501537 .ux-shape-divider--top svg {\n  height: 150px;\n  --divider-top-width: 100%;\n}\n#banner-577501537 .ux-shape-divider--bottom svg {\n  height: 150px;\n  --divider-width: 100%;\n}\n@media (min-width:550px) {\n  #banner-577501537 {\n    padding-top: 37%;\n  }\n}\n<\/style>\n  <\/div>\n\n\n\n\t\t<\/div>\n\n\t\t\n<style>\n#section_1672037002 {\n  padding-top: 0px;\n  padding-bottom: 0px;\n  background-color: rgb(255,255,255);\n}\n#section_1672037002 .ux-shape-divider--top svg {\n  height: 150px;\n  --divider-top-width: 100%;\n}\n#section_1672037002 .ux-shape-divider--bottom svg {\n  height: 150px;\n  --divider-width: 100%;\n}\n<\/style>\n\t<\/section>\n\t\n\t<section class=\"section\" id=\"section_844076104\">\n\t\t<div class=\"bg section-bg fill bg-fill  bg-loaded\" >\n\n\t\t\t\n\t\t\t\n\t\t\t\n\n\t\t<\/div>\n\n\t\t\n\n\t\t<div class=\"section-content relative\">\n\t\t\t\n\n<div class=\"row row-large align-center\"  id=\"row-1856298162\">\n\n\n\t<div id=\"col-1381154736\" class=\"col medium-10 small-12 large-10\"  >\n\t\t\t\t<div class=\"col-inner text-left\"  >\n\t\t\t\n\t\t\t\n\n<h1>Das Wohnen<\/h1>\n<div class=\"is-divider divider clearfix\" style=\"background-color:rgb(244, 152, 0);\"><\/div>\n\n\n\t\t<\/div>\n\t\t\t\t\t<\/div>\n\n\t\n\n\t<div id=\"col-688131376\" class=\"col medium-10 small-12 large-10\"  >\n\t\t\t\t<div class=\"col-inner text-left\"  >\n\t\t\t\n\t\t\t\n\n<h4>G\u00f6nnen Sie sich das Plus an Lebensqualit\u00e4t!<\/h4>\n<p>Ein Einzug ins <strong>New<span data-text-color=\"primary\">Living<\/span>Home<\/strong> erm\u00f6glicht Ihnen privates, ungest\u00f6rtes Wohnen in einer Gemeinschaft kulturell, geistig und sozial interessierter Menschen.\u00a0Dabei genie\u00dfen Sie die Atmosph\u00e4re eines besonderen Hauses und ein Serviceangebot, das dem eines Hotels der gehobenen Klasse entspricht.<\/p>\n<p>Im Zentrum des <strong>New<span data-text-color=\"primary\">Living<\/span>Home<\/strong> liegen die <b>Mendelssohn\u2019s<\/b><b> \u2013 Gastronomie<\/b> und das 200 Besuchern Platz bietende <strong>Theater \u201eATRIUM\u201c<\/strong>. Hier findet eine Vielzahl kultureller Veranstaltungen statt. Eine <strong>Bibliothek<\/strong> l\u00e4dt zum gem\u00fctlichen Verweilen ein, w\u00e4hrend anspruchsvolle <strong>Veranstaltungsr\u00e4ume<\/strong> Ihren privaten Feiern einen idealen Rahmen bieten.<\/p>\n<p>Ein\u00a0<b>Schwimmbad,\u00a0<\/b>in dem Sie Ihre morgendlichen Bahnen ziehen k\u00f6nnen,\u00a0mit angeschlossener\u00a0<b>Sauna<\/b> und <b>Solarium,<\/b> sowie der <b>Fitnessraum<\/b> mit seinem umfangreichen <b>Kursangebot<\/b> und das <b>Aktivstudio<\/b> mit modernen Fitnessger\u00e4ten lassen keine sportlichen W\u00fcnsche offen.<\/p>\n<p>Ihr Auto findet einen Platz in der hauseigenen gro\u00dfen <strong>Tiefgarage<\/strong> und auch Ihr vierbeiniger Freund ist uns, in angemessener Gr\u00f6\u00dfe, herzlich willkommen.<\/p>\n<p>Und wenn Sie sich von Ihrem Haus oder Ihrer bisherigen Wohnung trennen m\u00f6chten, unterst\u00fctzt Sie ein mit uns partnerschaftlich verbundenes Maklerunternehmen gerne beim Verkauf Ihrer Immobilie.<\/p>\n<h4><span data-text-color=\"primary\">Das NewLivingHome ist in seiner Form einzigartig und bietet seinen G\u00e4sten gro\u00dfz\u00fcgige Appartements und eine selbstbestimmte und eigenst\u00e4ndige Lebensweise in ansprechender Umgebung, die von einem professionellen und unaufdringlichen Service gepr\u00e4gt wird.<\/span><\/h4>\n<p>Das angegliederte Hotel und die individuelle Mendelssohn&#8217;s-Gastronomie sind die Grundlage f\u00fcr ein ansprechendes Miteinander von Jung und Alt.\u00a0 Bestimmt finden auch Ihre Kinder und Enkel Ihr neues Zuhause bald \u201erichtig klasse!\u201c<\/p>\n\t<div id=\"gap-424358938\" class=\"gap-element clearfix\" style=\"display:block; height:auto;\">\n\t\t\n<style>\n#gap-424358938 {\n  padding-top: 30px;\n}\n<\/style>\n\t<\/div>\n\t\n\n\n\t\t<\/div>\n\t\t\t\t\t<\/div>\n\n\t\n\n\t<div id=\"col-1559206791\" class=\"col medium-4 small-12 large-4\"  >\n\t\t\t\t<div class=\"col-inner\"  >\n\t\t\t\n\t\t\t\n\n<a href=\"http:\/\/www.new-living-home.de\/residenz\/\/die-appartements\/\" target=\"_self\" class=\"button primary\"  >\n    <span>Die Appartements<\/span>\n  <\/a>\n\n\n\n\t\t<\/div>\n\t\t\t\t\t<\/div>\n\n\t\n\n\t<div id=\"col-1978852581\" class=\"col medium-4 small-12 large-4\"  >\n\t\t\t\t<div class=\"col-inner\"  >\n\t\t\t\n\t\t\t\n\n<a href=\"http:\/\/www.new-living-home.de\/residenz\/\/das-probewohnen\/\" target=\"_self\" class=\"button primary\"  >\n    <span>Das probewohnen<\/span>\n  <\/a>\n\n\n\n\t\t<\/div>\n\t\t\t\t\t<\/div>\n\n\t\n\n<\/div>\n\n\t\t<\/div>\n\n\t\t\n<style>\n#section_844076104 {\n  padding-top: 0px;\n  padding-bottom: 0px;\n}\n#section_844076104 .ux-shape-divider--top svg {\n  height: 150px;\n  --divider-top-width: 100%;\n}\n#section_844076104 .ux-shape-divider--bottom svg {\n  height: 150px;\n  --divider-width: 100%;\n}\n@media (min-width:550px) {\n  #section_844076104 {\n    padding-top: 60px;\n    padding-bottom: 60px;\n  }\n}\n<\/style>\n\t<\/section>\n\t\n\t<section class=\"section dark\" id=\"section_1238736114\">\n\t\t<div class=\"bg section-bg fill bg-fill  bg-loaded\" >\n\n\t\t\t\n\t\t\t<div class=\"loading-spin centered\"><\/div>\n\t\t\t\n\n\t\t<\/div>\n\n\t\t\n\n\t\t<div class=\"section-content relative\">\n\t\t\t\n\n  <div class=\"banner-grid-wrapper\">\n  <div id=\"banner-grid-1827703516\" class=\"banner-grid row row-grid row-collapse row-full-width\" data-packery-options=\"\">\n                      \n\n<div class=\"col grid-col large-12 grid-col-1\" ><div class=\"col-inner\">\n\n\n  <div class=\"banner has-hover\" id=\"banner-1663347874\">\n          <div class=\"banner-inner fill\">\n        <div class=\"banner-bg fill\" >\n            <div class=\"bg fill bg-fill \"><\/div>\n                                    \n                    <\/div>\n\t\t\n        <div class=\"banner-layers container\">\n            <div class=\"fill banner-link\"><\/div>            \n\n\n        <\/div>\n      <\/div>\n\n            \n<style>\n#banner-1663347874 {\n  padding-top: 500px;\n}\n#banner-1663347874 .bg.bg-loaded {\n  background-image: url(https:\/\/www.new-living-home.de\/residenz\/wp-content\/uploads\/2018\/09\/NLH_Foyer.jpg);\n}\n#banner-1663347874 .bg {\n  background-position: 53% 23%;\n}\n#banner-1663347874 .ux-shape-divider--top svg {\n  height: 150px;\n  --divider-top-width: 100%;\n}\n#banner-1663347874 .ux-shape-divider--bottom svg {\n  height: 150px;\n  --divider-width: 100%;\n}\n<\/style>\n  <\/div>\n\n\n\n<\/div><\/div>\n\n            <\/div>\n    <style>\n    #banner-grid-1827703516 .grid-col-1{height: 600px}\n    #banner-grid-1827703516 .grid-col-1-2{height: 300px}\n    #banner-grid-1827703516 .grid-col-1-3{height:200px}\n    #banner-grid-1827703516 .grid-col-2-3{height: 400px}\n    #banner-grid-1827703516 .grid-col-1-4{height: 150px}\n    #banner-grid-1827703516 .grid-col-3-4{height: 450px}\n\n\n    \n    \n\n  <\/style>\n    <\/div>\n  \n\n\t\t<\/div>\n\n\t\t\n<style>\n#section_1238736114 {\n  padding-top: 0px;\n  padding-bottom: 0px;\n  background-color: rgb(249, 249, 249);\n}\n#section_1238736114 .ux-shape-divider--top svg {\n  height: 150px;\n  --divider-top-width: 100%;\n}\n#section_1238736114 .ux-shape-divider--bottom svg {\n  height: 150px;\n  --divider-width: 100%;\n}\n<\/style>\n\t<\/section>\n\t\n\n","protected":false},"excerpt":{"rendered":"","protected":false},"author":1,"featured_media":0,"parent":0,"menu_order":0,"comment_status":"closed","ping_status":"closed","template":"page-blank.php","meta":{"footnotes":""},"class_list":["post-48","page","type-page","status-publish","hentry"],"_links":{"self":[{"href":"https:\/\/www.new-living-home.de\/residenz\/wp-json\/wp\/v2\/pages\/48","targetHints":{"allow":["GET"]}}],"collection":[{"href":"https:\/\/www.new-living-home.de\/residenz\/wp-json\/wp\/v2\/pages"}],"about":[{"href":"https:\/\/www.new-living-home.de\/residenz\/wp-json\/wp\/v2\/types\/page"}],"author":[{"embeddable":true,"href":"https:\/\/www.new-living-home.de\/residenz\/wp-json\/wp\/v2\/users\/1"}],"replies":[{"embeddable":true,"href":"https:\/\/www.new-living-home.de\/residenz\/wp-json\/wp\/v2\/comments?post=48"}],"version-history":[{"count":4,"href":"https:\/\/www.new-living-home.de\/residenz\/wp-json\/wp\/v2\/pages\/48\/revisions"}],"predecessor-version":[{"id":1913,"href":"https:\/\/www.new-living-home.de\/residenz\/wp-json\/wp\/v2\/pages\/48\/revisions\/1913"}],"wp:attachment":[{"href":"https:\/\/www.new-living-home.de\/residenz\/wp-json\/wp\/v2\/media?parent=48"}],"curies":[{"name":"wp","href":"https:\/\/api.w.org\/{rel}","templated":true}]}}