{"id":3192,"date":"2025-07-15T15:19:53","date_gmt":"2025-07-15T13:19:53","guid":{"rendered":"https:\/\/www.new-living-home.de\/hotel\/?page_id=3192"},"modified":"2025-07-15T15:19:53","modified_gmt":"2025-07-15T13:19:53","slug":"jobs","status":"publish","type":"page","link":"https:\/\/www.new-living-home.de\/hotel\/jobs\/","title":{"rendered":"Jobs"},"content":{"rendered":"\r\n\t<section class=\"section dark\" id=\"section_1877850501\">\n\t\t<div class=\"bg section-bg fill bg-fill  bg-loaded\" >\n\n\t\t\t\n\t\t\t<div class=\"loading-spin centered\"><\/div><button class=\"scroll-for-more z-5 icon absolute bottom h-center\" aria-label=\"Scroll for more\"><i class=\"icon-angle-down\" style=\"font-size:42px;\"><\/i><\/button>\n\t\t\t\n\n\t\t<\/div>\n\n\t\t\n\n\t\t<div class=\"section-content relative\">\n\t\t\t\r\n\r\n\n  <div class=\"banner has-hover\" id=\"banner-564129162\">\n          <div class=\"banner-inner fill\">\n        <div class=\"banner-bg fill\" >\n            <div class=\"bg fill bg-fill \"><\/div>\n                                    \n                    <\/div>\n\t\t\n        <div class=\"banner-layers container\">\n            <div class=\"fill banner-link\"><\/div>            \r\n\r\n\r\n        <\/div>\n      <\/div>\n\n            \n<style>\n#banner-564129162 {\n  padding-top: 37%;\n}\n#banner-564129162 .bg.bg-loaded {\n  background-image: url(https:\/\/www.new-living-home.de\/hotel\/wp-content\/uploads\/2018\/09\/Haupteingang.jpg);\n}\n#banner-564129162 .bg {\n  background-position: 52% 51%;\n}\n#banner-564129162 .ux-shape-divider--top svg {\n  height: 150px;\n  --divider-top-width: 100%;\n}\n#banner-564129162 .ux-shape-divider--bottom svg {\n  height: 150px;\n  --divider-width: 100%;\n}\n<\/style>\n  <\/div>\n\n\r\n\r\n\t\t<\/div>\n\n\t\t\n<style>\n#section_1877850501 {\n  padding-top: 0px;\n  padding-bottom: 0px;\n  background-color: rgb(255,255,255);\n}\n#section_1877850501 .ux-shape-divider--top svg {\n  height: 150px;\n  --divider-top-width: 100%;\n}\n#section_1877850501 .ux-shape-divider--bottom svg {\n  height: 150px;\n  --divider-width: 100%;\n}\n<\/style>\n\t<\/section>\n\t\r\n\t<section class=\"section\" id=\"section_829812688\">\n\t\t<div class=\"bg section-bg fill bg-fill  bg-loaded\" >\n\n\t\t\t\n\t\t\t\n\t\t\t\n\n\t\t<\/div>\n\n\t\t\n\n\t\t<div class=\"section-content relative\">\n\t\t\t\r\n\r\n<div class=\"row align-middle align-center\"  id=\"row-1369158348\">\r\n\r\n\n\t<div id=\"col-1022218119\" class=\"col medium-10 small-12 large-10\"  >\n\t\t\t\t<div class=\"col-inner text-left\"  >\n\t\t\t\n\t\t\t\r\n\r\n<h1>Jobs<\/h1>\r\n<div class=\"is-divider divider clearfix\" style=\"background-color:rgb(244, 152, 0);\"><\/div>\r\n\r\n\r\n\t\t<\/div>\n\t\t\t\t\t<\/div>\n\n\t\r\n\n\t<div id=\"col-2015705188\" class=\"col medium-10 small-12 large-10\"  >\n\t\t\t\t<div class=\"col-inner text-left\"  >\n\t\t\t\n\t\t\t\r\n\r\n<h4>Unser klassisches, nicht durchgestyltes Haus, in dem bereits viele tolle \u201eTypen\u201c arbeiten, bietet spannende und abwechslungsreiche berufliche Herausforderungen, mit einer langfristigen Perspektive<span class=\"Apple-converted-space\">&nbsp;<\/span><\/h4>\r\n\r\n\t\t<\/div>\n\t\t\t\t\t<\/div>\n\n\t\r\n\r\n<\/div>\r\n\r\n\t\t<\/div>\n\n\t\t\n<style>\n#section_829812688 {\n  padding-top: 40px;\n  padding-bottom: 40px;\n  background-color: rgb(245, 245, 245);\n}\n#section_829812688 .ux-shape-divider--top svg {\n  height: 150px;\n  --divider-top-width: 100%;\n}\n#section_829812688 .ux-shape-divider--bottom svg {\n  height: 150px;\n  --divider-width: 100%;\n}\n<\/style>\n\t<\/section>\n\t\r\n\t<section class=\"section\" id=\"section_1544663577\">\n\t\t<div class=\"bg section-bg fill bg-fill  bg-loaded\" >\n\n\t\t\t\n\t\t\t\n\t\t\t\n\n\t\t<\/div>\n\n\t\t\n\n\t\t<div class=\"section-content relative\">\n\t\t\t\r\n\r\n<div class=\"row row-small row-full-width\"  id=\"row-619722696\">\r\n\r\n\n\t<div id=\"col-411277638\" class=\"col medium-6 large-6\"  >\n\t\t\t\t<div class=\"col-inner\"  >\n\t\t\t\n\t\t\t\r\n\r\n\n  <div class=\"banner has-hover\" id=\"banner-1405197883\">\n          <div class=\"banner-inner fill\">\n        <div class=\"banner-bg fill\" >\n            <div class=\"bg fill bg-fill \"><\/div>\n                                    \n                    <\/div>\n\t\t\n        <div class=\"banner-layers container\">\n            <div class=\"fill banner-link\"><\/div>            \r\n\r\n   <div id=\"text-box-2046931973\" class=\"text-box banner-layer x5 md-x5 lg-x5 y95 md-y95 lg-y95 res-text\">\n                                <div class=\"text-box-content text dark\">\n              \n              <div class=\"text-inner text-left\">\n                  \r\n\r\n<h4>\u201ePers\u00f6nlichkeiten werden bei uns auf H\u00e4nden getragen\u201c<\/h4>\r\n\r\n              <\/div>\n           <\/div>\n                            \n<style>\n#text-box-2046931973 .text-box-content {\n  background-color: rgb(244, 152, 0);\n  font-size: 100%;\n}\n#text-box-2046931973 .text-inner {\n  padding: 6px 0px 7px 20px;\n}\n#text-box-2046931973 {\n  width: 62%;\n}\n<\/style>\n    <\/div>\n \r\n\r\n        <\/div>\n      <\/div>\n\n            \n<style>\n#banner-1405197883 {\n  padding-top: 56.25%;\n}\n#banner-1405197883 .bg.bg-loaded {\n  background-image: url(https:\/\/www.new-living-home.de\/hotel\/wp-content\/uploads\/2018\/10\/jobs1.jpg);\n}\n#banner-1405197883 .bg {\n  background-position: 45% 10%;\n}\n#banner-1405197883 .ux-shape-divider--top svg {\n  height: 150px;\n  --divider-top-width: 100%;\n}\n#banner-1405197883 .ux-shape-divider--bottom svg {\n  height: 150px;\n  --divider-width: 100%;\n}\n<\/style>\n  <\/div>\n\n\r\n\r\n\t\t<\/div>\n\t\t\t\t\t<\/div>\n\n\t\r\n\n\t<div id=\"col-1844944961\" class=\"col medium-6 large-6\"  >\n\t\t\t\t<div class=\"col-inner\"  >\n\t\t\t\n\t\t\t\r\n\r\n\n  <div class=\"banner has-hover\" id=\"banner-692818652\">\n          <div class=\"banner-inner fill\">\n        <div class=\"banner-bg fill\" >\n            <div class=\"bg fill bg-fill \"><\/div>\n                                    \n                    <\/div>\n\t\t\n        <div class=\"banner-layers container\">\n            <div class=\"fill banner-link\"><\/div>            \r\n\r\n   <div id=\"text-box-1434266872\" class=\"text-box banner-layer x5 md-x5 lg-x5 y95 md-y95 lg-y95 res-text\">\n                                <div class=\"text-box-content text dark\">\n              \n              <div class=\"text-inner text-left\">\n                  \r\n\r\n<h4>\u201eIn unserem Team ist Ihre Kreativit\u00e4t gefragt\u201c<\/h4>\r\n\r\n              <\/div>\n           <\/div>\n                            \n<style>\n#text-box-1434266872 .text-box-content {\n  background-color: rgb(244, 152, 0);\n  font-size: 100%;\n}\n#text-box-1434266872 .text-inner {\n  padding: 6px 0px 7px 20px;\n}\n#text-box-1434266872 {\n  width: 52%;\n}\n<\/style>\n    <\/div>\n \r\n\r\n        <\/div>\n      <\/div>\n\n            \n<style>\n#banner-692818652 {\n  padding-top: 56.25%;\n}\n#banner-692818652 .bg.bg-loaded {\n  background-image: url(https:\/\/www.new-living-home.de\/hotel\/wp-content\/uploads\/2018\/10\/jobs2.jpg);\n}\n#banner-692818652 .bg {\n  background-position: 25% 66%;\n}\n#banner-692818652 .ux-shape-divider--top svg {\n  height: 150px;\n  --divider-top-width: 100%;\n}\n#banner-692818652 .ux-shape-divider--bottom svg {\n  height: 150px;\n  --divider-width: 100%;\n}\n<\/style>\n  <\/div>\n\n\r\n\r\n\t\t<\/div>\n\t\t\t\t\t<\/div>\n\n\t\r\n\r\n<\/div>\r\n\r\n\t\t<\/div>\n\n\t\t\n<style>\n#section_1544663577 {\n  padding-top: 30px;\n  padding-bottom: 30px;\n  background-color: rgb(245, 245, 245);\n}\n#section_1544663577 .ux-shape-divider--top svg {\n  height: 150px;\n  --divider-top-width: 100%;\n}\n#section_1544663577 .ux-shape-divider--bottom svg {\n  height: 150px;\n  --divider-width: 100%;\n}\n<\/style>\n\t<\/section>\n\t\r\n\t<section class=\"section custom-list\" id=\"section_616514661\">\n\t\t<div class=\"bg section-bg fill bg-fill  bg-loaded\" >\n\n\t\t\t\n\t\t\t\n\t\t\t\n\n\t\t<\/div>\n\n\t\t\n\n\t\t<div class=\"section-content relative\">\n\t\t\t\r\n\r\n<div class=\"row align-center\"  id=\"row-2075654854\">\r\n\r\n\n\t<div id=\"col-1644507443\" class=\"col medium-10 small-12 large-10\"  >\n\t\t\t\t<div class=\"col-inner\"  >\n\t\t\t\n\t\t\t\r\n\r\n<h2><b>\u201eNobody is perfect\u201c\u2026,<\/b><\/h2>\r\n<h4><b>aber was wir versprechen, das halten wir:<\/b><\/h4>\r\n\r\n\t\t<\/div>\n\t\t\t\t\t<\/div>\n\n\t\r\n\n\t<div id=\"col-1826798720\" class=\"col medium-5 small-12 large-5\"  >\n\t\t\t\t<div class=\"col-inner\"  >\n\t\t\t\n\t\t\t\r\n\r\n<ul>\r\n<li class=\"bullet-arrow\">Einen unkomplizierten Arbeitsplatz mit offener und freundlicher Arbeitsatmosph\u00e4re, einer ordentlichen Portion Spa\u00df und respektvoller Mitarbeiterf\u00fchrung<\/li>\r\n<li class=\"bullet-arrow\">Ein sicheres und unbefristetes Arbeitsverh\u00e4ltnis<\/li>\r\n<li class=\"bullet-arrow\">Die M\u00f6glichkeit sich selbst und die eigenen Ideen einzubringen. Sie werden geh\u00f6rt!<\/li>\r\n<li class=\"bullet-arrow\">Flache Hierarchien im gesamten Haus<\/li>\r\n<li class=\"bullet-arrow\">Eine \u00fcbertarifliche, leistungsgerechte Gehaltszahlung, Urlaubsgeld und Pr\u00e4mienzahlung<\/li>\r\n<li class=\"bullet-arrow\">Zuschuss f\u00fcr den \u00f6ffentlichen Nahverkehr (ProfiTicket des HVV)<\/li>\r\n<\/ul>\r\n\r\n\t\t<\/div>\n\t\t\t\t\t<\/div>\n\n\t\r\n\n\t<div id=\"col-766468415\" class=\"col medium-5 small-12 large-5\"  >\n\t\t\t\t<div class=\"col-inner\"  >\n\t\t\t\n\t\t\t\r\n\r\n<ul>\r\n<li class=\"bullet-arrow\">Kostenfreier Parkplatz in unserer Tiefgarage<\/li>\r\n<li class=\"bullet-arrow\">Perfekte Anbindung an die U-Bahn (U2 Hagenbecks Tierpark) und die Autobahnen A7 und A23<\/li>\r\n<li class=\"bullet-arrow\">Unser Haus ist Teil des \u201ePersoNights\u201c-Programms und bietet zudem attraktive Mitarbeiter-Benefits in Zusammenarbeit mit unseren Partnerbetrieben in Hamburg<span class=\"Apple-converted-space\">&nbsp;<\/span><\/li>\r\n<li class=\"bullet-arrow\">Die M\u00f6glichkeit der Stellung von Wohnraum f\u00fcr die Einarbeitungsphase<span class=\"Apple-converted-space\">&nbsp;<\/span><\/li>\r\n<li class=\"bullet-arrow\">Falls gew\u00fcnscht anschlie\u00dfend pers\u00f6nliche Hilfe bei der Wohnungssuche in Hamburg durch ausgezeichnete firmeninterne M\u00f6glichkeiten<\/li>\r\n<\/ul>\r\n\r\n\t\t<\/div>\n\t\t\t\t\t<\/div>\n\n\t\r\n\r\n<\/div>\r\n\r\n\t\t<\/div>\n\n\t\t\n<style>\n#section_616514661 {\n  padding-top: 31px;\n  padding-bottom: 31px;\n  background-color: rgb(245, 245, 245);\n}\n#section_616514661 .ux-shape-divider--top svg {\n  height: 150px;\n  --divider-top-width: 100%;\n}\n#section_616514661 .ux-shape-divider--bottom svg {\n  height: 150px;\n  --divider-width: 100%;\n}\n<\/style>\n\t<\/section>\n\t\r\n\t<section class=\"section\" id=\"section_73368699\">\n\t\t<div class=\"bg section-bg fill bg-fill  bg-loaded\" >\n\n\t\t\t\n\t\t\t\n\t\t\t\n\n\t\t<\/div>\n\n\t\t\n\n\t\t<div class=\"section-content relative\">\n\t\t\t\r\n\r\n<div class=\"row row-small row-full-width\"  id=\"row-2040495341\">\r\n\r\n\n\t<div id=\"col-1077792601\" class=\"col medium-6 large-6\"  >\n\t\t\t\t<div class=\"col-inner\"  >\n\t\t\t\n\t\t\t\r\n\r\n\n  <div class=\"banner has-hover\" id=\"banner-655512092\">\n          <div class=\"banner-inner fill\">\n        <div class=\"banner-bg fill\" >\n            <div class=\"bg fill bg-fill \"><\/div>\n                                    \n                    <\/div>\n\t\t\n        <div class=\"banner-layers container\">\n            <div class=\"fill banner-link\"><\/div>            \r\n\r\n   <div id=\"text-box-153790918\" class=\"text-box banner-layer x5 md-x5 lg-x5 y95 md-y95 lg-y95 res-text\">\n                                <div class=\"text-box-content text dark\">\n              \n              <div class=\"text-inner text-left\">\n                  \r\n\r\n<h4>\u201cBei uns arbeiten flexible \u201cMacher\u201d mit Herz\u201d<\/h4>\r\n\r\n              <\/div>\n           <\/div>\n                            \n<style>\n#text-box-153790918 .text-box-content {\n  background-color: rgb(244, 152, 0);\n  font-size: 100%;\n}\n#text-box-153790918 .text-inner {\n  padding: 6px 0px 7px 20px;\n}\n#text-box-153790918 {\n  width: 51%;\n}\n<\/style>\n    <\/div>\n \r\n\r\n        <\/div>\n      <\/div>\n\n            \n<style>\n#banner-655512092 {\n  padding-top: 56.25%;\n}\n#banner-655512092 .bg.bg-loaded {\n  background-image: url(https:\/\/www.new-living-home.de\/hotel\/wp-content\/uploads\/2018\/10\/jobs3.jpg);\n}\n#banner-655512092 .bg {\n  background-position: 47% 24%;\n}\n#banner-655512092 .ux-shape-divider--top svg {\n  height: 150px;\n  --divider-top-width: 100%;\n}\n#banner-655512092 .ux-shape-divider--bottom svg {\n  height: 150px;\n  --divider-width: 100%;\n}\n<\/style>\n  <\/div>\n\n\r\n\r\n\t\t<\/div>\n\t\t\t\t\t<\/div>\n\n\t\r\n\n\t<div id=\"col-960869131\" class=\"col medium-6 large-6\"  >\n\t\t\t\t<div class=\"col-inner\"  >\n\t\t\t\n\t\t\t\r\n\r\n\n  <div class=\"banner has-hover\" id=\"banner-641818952\">\n          <div class=\"banner-inner fill\">\n        <div class=\"banner-bg fill\" >\n            <div class=\"bg fill bg-fill \"><\/div>\n                                    \n                    <\/div>\n\t\t\n        <div class=\"banner-layers container\">\n            <div class=\"fill banner-link\"><\/div>            \r\n\r\n   <div id=\"text-box-1651241309\" class=\"text-box banner-layer x5 md-x5 lg-x5 y95 md-y95 lg-y95 res-text\">\n                                <div class=\"text-box-content text dark\">\n              \n              <div class=\"text-inner text-left\">\n                  \r\n\r\n<h4>\u201eLassen Sie sich durch unsere schlagkr\u00e4ftigen Argumente \u00fcberzeugen\u201c<\/h4>\r\n\r\n              <\/div>\n           <\/div>\n                            \n<style>\n#text-box-1651241309 .text-box-content {\n  background-color: rgb(244, 152, 0);\n  font-size: 100%;\n}\n#text-box-1651241309 .text-inner {\n  padding: 6px 0px 7px 20px;\n}\n#text-box-1651241309 {\n  width: 75%;\n}\n<\/style>\n    <\/div>\n \r\n\r\n        <\/div>\n      <\/div>\n\n            \n<style>\n#banner-641818952 {\n  padding-top: 56.25%;\n}\n#banner-641818952 .bg.bg-loaded {\n  background-image: url(https:\/\/www.new-living-home.de\/hotel\/wp-content\/uploads\/2018\/10\/jobs4.jpg);\n}\n#banner-641818952 .bg {\n  background-position: 50% 47%;\n}\n#banner-641818952 .ux-shape-divider--top svg {\n  height: 150px;\n  --divider-top-width: 100%;\n}\n#banner-641818952 .ux-shape-divider--bottom svg {\n  height: 150px;\n  --divider-width: 100%;\n}\n<\/style>\n  <\/div>\n\n\r\n\r\n\t\t<\/div>\n\t\t\t\t\t<\/div>\n\n\t\r\n\r\n<\/div>\r\n\r\n\t\t<\/div>\n\n\t\t\n<style>\n#section_73368699 {\n  padding-top: 30px;\n  padding-bottom: 30px;\n  background-color: rgb(245, 245, 245);\n}\n#section_73368699 .ux-shape-divider--top svg {\n  height: 150px;\n  --divider-top-width: 100%;\n}\n#section_73368699 .ux-shape-divider--bottom svg {\n  height: 150px;\n  --divider-width: 100%;\n}\n<\/style>\n\t<\/section>\n\t\r\n\t<section class=\"section https:\/\/www.new-living-home.de\/hotel\/wp-content\/uploads\/2018\/11\/Stellenanzeige-NEU-Aushilfe-Service.pdf\" id=\"section_1049197757\">\n\t\t<div class=\"bg section-bg fill bg-fill  bg-loaded\" >\n\n\t\t\t\n\t\t\t\n\t\t\t\n\n\t\t<\/div>\n\n\t\t\n\n\t\t<div class=\"section-content relative\">\n\t\t\t\r\n\r\n<div class=\"row align-middle align-center\"  id=\"row-2085213800\">\r\n\r\n\n\t<div id=\"col-159061201\" class=\"col medium-10 small-12 large-10\"  >\n\t\t\t\t<div class=\"col-inner\"  >\n\t\t\t\n\t\t\t\r\n\r\n<h2>Werden Sie Teil unseres gro\u00dfartigen Teams!<\/h2>\r\n\r\n\t\t<\/div>\n\t\t\t\t\t<\/div>\n\n\t\r\n\r\n\n\t<div id=\"col-352954528\" class=\"col medium-11 small-12 large-10\"  >\n\t\t\t\t<div class=\"col-inner\"  >\n\t\t\t\n\t\t\t\r\n\r\n\r\n\r\n<html>\r\n<head>\r\n<META HTTP-EQUIV=\"Content-Type\" CONTENT=\"text\/html; charset=ISO-8859-1\"\/>\r\n<\/head>\r\n<body>\r\n<div id=\"hc-joblisten\" style=\"overflow: hidden;\">\r\n<style>div#hc-joblisten {\r\nfont-size: 15px;\r\n  font-family: Arial;\r\n}\r\n\r\ndiv#hc-jobliste-display {\r\nfont-size: 16px;\r\n  font-family: verdana;\r\n}\r\nspan.hc-joblist-offer-date {\r\nfloat: right;\r\ndisplay: block;\r\n}\r\n\r\nul.hc-joblist-offer-list {\r\nlist-style-type: none;\r\npadding:0px;\r\nmargin: 0px;\r\nmargin-bottom: 20px;\r\nborder-top: 0px solid grey;\r\n}\r\n\r\nli.hc-joblist-listitem {\r\nborder-bottom: 1px solid grey;\r\npadding-bottom: 10px;\r\npadding-top: 10px;\r\n}\r\n\r\na.hc-joblist-offer-link {\r\ncolor: grey;\r\n}\r\n\r\nspan.hc-joblist-offer-date {\r\n}\r\n\r\nh2.hc-joblist-headline {\r\n  font-size:22px;\r\n}\r\n.hc-joblist-next-page {\r\n  background: url(https:\/\/www.hotelcareer.de\/images\/1\/arr_right2.png) no-repeat scroll center center transparent;\r\n  height: 12px;\r\n  width: 12px;\r\n  display: inline-block;\r\n}\r\n.hc-joblist-prev-page {\r\n  background: url(https:\/\/www.hotelcareer.de\/images\/1\/arr_left2.png) no-repeat scroll center center transparent;\r\n  height: 12px;\r\n  width: 12px;\r\n  display: inline-block;\r\n}<\/style><p class=\"hc-joblisten-intro\"><\/p><h2 class=\"hc-joblist-headline\">Aktuelle Stellenangebote<br><br><\/h2>\r\n<div class=\"hc-joblist\">\r\n<script type=\"text\/javascript\" src=\"https:\/\/ajax.googleapis.com\/ajax\/libs\/jquery\/1.7.0\/jquery.min.js\"><\/script>\r\n<script type=\"text\/javascript\" src=\"https:\/\/www.hotelcareer.de\/js\/ajaxjobliste.js\"><\/script>\r\n<input class=\"jl-hotid\" type=\"hidden\" value=\"43268\"\/><input class=\"jl-sprid\" type=\"hidden\" value=\"1\"\/><\/div><p class=\"hc-joblisten-outro\"><br>Wir freuen uns auf Ihre Bewerbung!<br>\r\n<br>\r\nUnsere <a href=\"https:\/\/www.hotelcareer.de\/jobs\/residenzhotel-hamburg-new-living-home-11924?intcid=autosuggest-company-11924\" target=\"_blank\" title=\"HOTELCAREER Residenzhotel Hamburg- New Living Hom\" rel=\"noopener\">Jobs im Residenzhotel Hamburg- New Living Home<\/a> finden Sie auch auf der Online Jobb\u00f6rse HOTELCAREER.\r\n\r\n<\/p>\r\n\r\n<p style=\"display:block; float: right; border: none;\"><img decoding=\"async\" alt=\"Jobs Hotel\" title=\"Jobs Hotel\" src=\"https:\/\/www.hotelcareer.de\/images\/1\/hc_powered_farbig_transp.png\"\/><\/p><\/div><\/body><\/html>\r\n\r\n\r\n\t\t<\/div>\n\t\t\t\t\t<\/div>\n\n\t\r\n\r\n\r\n\r\n<\/div>\r\n\r\n\t\t<\/div>\n\n\t\t\n<style>\n#section_1049197757 {\n  padding-top: 57px;\n  padding-bottom: 57px;\n  background-color: rgb(245, 245, 245);\n}\n#section_1049197757 .ux-shape-divider--top svg {\n  height: 150px;\n  --divider-top-width: 100%;\n}\n#section_1049197757 .ux-shape-divider--bottom svg {\n  height: 150px;\n  --divider-width: 100%;\n}\n<\/style>\n\t<\/section>\n\t\r\n\t<section class=\"section\" id=\"section_455320439\">\n\t\t<div class=\"bg section-bg fill bg-fill  bg-loaded\" >\n\n\t\t\t\n\t\t\t\n\t\t\t\n\n\t\t<\/div>\n\n\t\t\n\n\t\t<div class=\"section-content relative\">\n\t\t\t\r\n\r\n<div class=\"row align-middle align-center\"  id=\"row-2102255291\">\r\n\r\n\n\t<div id=\"col-1620771216\" class=\"col medium-10 small-12 large-10\"  >\n\t\t\t\t<div class=\"col-inner\"  >\n\t\t\t\n\t\t\t\r\n\r\n<h4>Beachten sie auch die Stellenangebote unserer Partner-Betriebe<\/h4>\r\n\r\n\t\t<\/div>\n\t\t\t\t\t<\/div>\n\n\t\r\n\n\t<div id=\"col-1019231442\" class=\"col medium-3 small-12 large-3\"  >\n\t\t\t\t<div class=\"col-inner\"  >\n\t\t\t\n\t\t\t\r\n\r\n\t<div class=\"img has-hover x md-x lg-x y md-y lg-y\" id=\"image_1938919321\">\n\t\t<a class=\"\" href=\"http:\/\/panorama-harburg.de\/jobs-karriere\/\" target=\"_blank\" rel=\"noopener noreferrer\" >\t\t\t\t\t\t<div class=\"img-inner dark\" >\n\t\t\t<img loading=\"lazy\" decoding=\"async\" width=\"1176\" height=\"888\" src=\"https:\/\/www.new-living-home.de\/hotel\/wp-content\/uploads\/2018\/10\/panorama-harburg.png\" class=\"attachment-original size-original\" alt=\"\" srcset=\"https:\/\/www.new-living-home.de\/hotel\/wp-content\/uploads\/2018\/10\/panorama-harburg.png 1176w, https:\/\/www.new-living-home.de\/hotel\/wp-content\/uploads\/2018\/10\/panorama-harburg-300x227.png 300w, https:\/\/www.new-living-home.de\/hotel\/wp-content\/uploads\/2018\/10\/panorama-harburg-768x580.png 768w, https:\/\/www.new-living-home.de\/hotel\/wp-content\/uploads\/2018\/10\/panorama-harburg-1024x773.png 1024w\" sizes=\"auto, (max-width: 1176px) 100vw, 1176px\" \/>\t\t\t\t\t\t\n\t\t\t\t\t<\/div>\n\t\t\t\t\t\t<\/a>\t\t\n<style>\n#image_1938919321 {\n  width: 70%;\n}\n<\/style>\n\t<\/div>\n\t\r\n\r\n\r\n\t\t<\/div>\n\t\t\t\t\t<\/div>\n\n\t\r\n\n\t<div id=\"col-321252803\" class=\"col medium-3 small-12 large-3\"  >\n\t\t\t\t<div class=\"col-inner\"  >\n\t\t\t\n\t\t\t\r\n\r\n\t<div class=\"img has-hover x md-x lg-x y md-y lg-y\" id=\"image_1625517054\">\n\t\t<a class=\"\" href=\"http:\/\/panorama-billstedt.de\/jobs-karriere\/\" target=\"_blank\" rel=\"noopener noreferrer\" >\t\t\t\t\t\t<div class=\"img-inner dark\" >\n\t\t\t<img loading=\"lazy\" decoding=\"async\" width=\"1176\" height=\"888\" src=\"https:\/\/www.new-living-home.de\/hotel\/wp-content\/uploads\/2018\/10\/Bildschirmfoto-2018-03-09-um-10.16.57.png\" class=\"attachment-original size-original\" alt=\"\" srcset=\"https:\/\/www.new-living-home.de\/hotel\/wp-content\/uploads\/2018\/10\/Bildschirmfoto-2018-03-09-um-10.16.57.png 1176w, https:\/\/www.new-living-home.de\/hotel\/wp-content\/uploads\/2018\/10\/Bildschirmfoto-2018-03-09-um-10.16.57-300x227.png 300w, https:\/\/www.new-living-home.de\/hotel\/wp-content\/uploads\/2018\/10\/Bildschirmfoto-2018-03-09-um-10.16.57-768x580.png 768w, https:\/\/www.new-living-home.de\/hotel\/wp-content\/uploads\/2018\/10\/Bildschirmfoto-2018-03-09-um-10.16.57-1024x773.png 1024w\" sizes=\"auto, (max-width: 1176px) 100vw, 1176px\" \/>\t\t\t\t\t\t\n\t\t\t\t\t<\/div>\n\t\t\t\t\t\t<\/a>\t\t\n<style>\n#image_1625517054 {\n  width: 70%;\n}\n<\/style>\n\t<\/div>\n\t\r\n\r\n\r\n\t\t<\/div>\n\t\t\t\t\t<\/div>\n\n\t\r\n\n\t<div id=\"col-1691406201\" class=\"col medium-3 small-12 large-3\"  >\n\t\t\t\t<div class=\"col-inner\"  >\n\t\t\t\n\t\t\t\r\n\r\n\t<div class=\"img has-hover x md-x lg-x y md-y lg-y\" id=\"image_470642304\">\n\t\t<a class=\"\" href=\"http:\/\/sport-park-reinbek.de\/jobs\/\" target=\"_blank\" rel=\"noopener noreferrer\" >\t\t\t\t\t\t<div class=\"img-inner dark\" >\n\t\t\t<img loading=\"lazy\" decoding=\"async\" width=\"300\" height=\"123\" src=\"https:\/\/www.new-living-home.de\/hotel\/wp-content\/uploads\/2018\/10\/sportpark-logo.png\" class=\"attachment-original size-original\" alt=\"\" \/>\t\t\t\t\t\t\n\t\t\t\t\t<\/div>\n\t\t\t\t\t\t<\/a>\t\t\n<style>\n#image_470642304 {\n  width: 70%;\n}\n<\/style>\n\t<\/div>\n\t\r\n\r\n\r\n\t\t<\/div>\n\t\t\t\t\t<\/div>\n\n\t\r\n\r\n<\/div>\r\n\r\n\t\t<\/div>\n\n\t\t\n<style>\n#section_455320439 {\n  padding-top: 83px;\n  padding-bottom: 83px;\n  background-color: rgb(255,255,255);\n}\n#section_455320439 .ux-shape-divider--top svg {\n  height: 150px;\n  --divider-top-width: 100%;\n}\n#section_455320439 .ux-shape-divider--bottom svg {\n  height: 150px;\n  --divider-width: 100%;\n}\n<\/style>\n\t<\/section>\n\t\r\n\r\n","protected":false},"excerpt":{"rendered":"","protected":false},"author":2,"featured_media":0,"parent":0,"menu_order":0,"comment_status":"closed","ping_status":"closed","template":"","meta":{"footnotes":""},"class_list":["post-3192","page","type-page","status-publish","hentry"],"_links":{"self":[{"href":"https:\/\/www.new-living-home.de\/hotel\/wp-json\/wp\/v2\/pages\/3192","targetHints":{"allow":["GET"]}}],"collection":[{"href":"https:\/\/www.new-living-home.de\/hotel\/wp-json\/wp\/v2\/pages"}],"about":[{"href":"https:\/\/www.new-living-home.de\/hotel\/wp-json\/wp\/v2\/types\/page"}],"author":[{"embeddable":true,"href":"https:\/\/www.new-living-home.de\/hotel\/wp-json\/wp\/v2\/users\/2"}],"replies":[{"embeddable":true,"href":"https:\/\/www.new-living-home.de\/hotel\/wp-json\/wp\/v2\/comments?post=3192"}],"version-history":[{"count":1,"href":"https:\/\/www.new-living-home.de\/hotel\/wp-json\/wp\/v2\/pages\/3192\/revisions"}],"predecessor-version":[{"id":3193,"href":"https:\/\/www.new-living-home.de\/hotel\/wp-json\/wp\/v2\/pages\/3192\/revisions\/3193"}],"wp:attachment":[{"href":"https:\/\/www.new-living-home.de\/hotel\/wp-json\/wp\/v2\/media?parent=3192"}],"curies":[{"name":"wp","href":"https:\/\/api.w.org\/{rel}","templated":true}]}}